vided by 10.
8
Calculate the remainder when 1461 is divided by 55.
31
What is the remainder when 214 is divided by 24?
22
Calculate the remainder when 173 is divided by 12.
5
What is the remainder when 146 is divided by 50?
46
Calculate the remainder when 517 is divided by 104.
101
Calculate the remainder when 353 is divided by 17.
13
What is the remainder when 80 is divided by 30?
20
Calculate the remainder when 264 is divided by 53.
52
Calculate the remainder when 111 is divided by 3.
0
What is the remainder when 8459 is divided by 39?
35
Calculate the remainder when 151 is divided by 69.
13
Calculate the remainder when 2050 is divided by 102.
10
What is the remainder when 37 is divided by 29?
8
What is the remainder when 78 is divided by 30?
18
What is the remainder when 426 is divided by 39?
36
Calculate the remainder when 546 is divided by 183.
180
What is the remainder when 1897 is divided by 20?
17
What is the remainder when 5880 is divided by 111?
108
Calculate the remainder when 4874 is divided by 94.
80
What is the remainder when 2384 is divided by 159?
158
What is the remainder when 828 is divided by 38?
30
Calculate the remainder when 1094 is divided by 358.
20
What is the remainder when 1064 is divided by 47?
30
Calculate the remainder when 2288 is divided by 81.
20
What is the remainder when 2261 is divided by 31?
29
What is the remainder when 46 is divided by 25?
21
Calculate the remainder when 13568 is divided by 13.
9
What is the remainder when 1443 is divided by 38?
37
Calculate the remainder when 279 is divided by 52.
19
Calculate the remainder when 56 is divided by 10.
6
Calculate the remainder when 1387 is divided by 12.
7
Calculate the remainder when 75 is divided by 26.
23
Calculate the remainder when 66 is divided by 60.
6
Calculate the remainder when 396 is divided by 57.
54
Calculate the remainder when 3686 is divided by 27.
14
What is the remainder when 66 is divided by 34?
32
What is the remainder when 228 is divided by 58?
54
What is the remainder when 96 is divided by 5?
1
Calculate the remainder when 612 is divided by 29.
3
Calculate the remainder when 8518 is divided by 24.
22
What is the remainder when 310 is divided by 28?
2
Calculate the remainder when 144 is divided by 10.
4
What is the remainder when 59 is divided by 23?
13
What is the remainder when 2004 is divided by 17?
15
Calculate the remainder when 172 is divided by 58.
56
Calculate the remainder when 842 is divided by 421.
0
Calculate the remainder when 194 is divided by 110.
84
What is the remainder when 206 is divided by 128?
78
Calculate the remainder when 505 is divided by 61.
17
Calculate the remainder when 10 is divided by 4.
2
Calculate the remainder when 362 is divided by 24.
2
What is the remainder when 401 is divided by 31?
29
What is the remainder when 10189 is divided by 52?
49
Calculate the remainder when 177 is divided by 91.
86
Calculate the remainder when 467 is divided by 32.
19
Calculate the remainder when 103 is divided by 24.
7
Calculate the remainder when 1089 is divided by 13.
10
Calculate the remainder when 234 is divided by 76.
6
What is the remainder when 88 is divided by 26?
10
What is the remainder when 117 is divided by 7?
5
What is the remainder when 10 is divided by 7?
3
Calculate the remainder when 607 is divided by 66.
13
What is the remainder when 2126 is divided by 133?
131
Calculate the remainder when 158 is divided by 10.
8
Calculate the remainder when 209 is divided by 30.
29
Calculate the remainder when 38190 is divided by 31.
29
What is the remainder when 501 is divided by 247?
7
What is the remainder when 7691 is divided by 27?
23
What is the remainder when 719 is divided by 306?
107
Calculate the remainder when 241 is divided by 84.
73
Calculate the remainder when 82 is divided by 42.
40
What is the remainder when 53 is divided by 6?
5
What is the remainder when 2012 is divided by 155?
152
What is the remainder when 101 is divided by 28?
17
Calculate the remainder when 228 is divided by 10.
8
What is the remainder when 257 is divided by 65?
62
What is the remainder when 349 is divided by 125?
99
Calculate the remainder when 4477 is divided by 86.
5
Calculate the remainder when 118 is divided by 17.
16
What is the remainder when 70 is divided by 8?
6
What is the remainder when 60 is divided by 5?
0
What is the remainder when 8 is divided by 4?
0
Calculate the remainder when 421 is divided by 106.
103
What is the remainder when 25 is divided by 11?
3
Calculate the remainder when 445 is divided by 50.
45
Calculate the remainder when 1782 is divided by 51.
48
What is the remainder when 1706 is divided by 35?
26
Calculate the remainder when 853 is divided by 252.
97
Calculate the remainder when 7029 is divided by 79.
77
Calculate the remainder when 11774 is divided by 76.
70
Calculate the remainder when 267 is divided by 8.
3
What is the remainder when 599 is divided by 153?
140
What is the remainder when 711 is divided by 65?
61
Calculate the remainder when 130 is divided by 64.
2
Calculate the remainder when 102 is divided by 35.
32
What is the remainder when 92 is divided by 8?
4
What is the remainder when 17 is divided by 8?
1
Calculate the remainder when 2079 is divided by 515.
19
Calculate the remainder when 265 is divided by 68.
61
What is the remainder when 598 is divided by 5?
3
Calculate the remainder when 160 is divided by 5.
0
What is the remainder when 1676 is divided by 333?
11
What is the remainder when 847 is divided by 804?
43
Calculate the remainder when 1208 is divided by 27.
20
Calculate the remainder when 204 is divided by 41.
40
What is the remainder when 173 is divided by 25?
23
Calculate the remainder when 814 is divided by 251.
61
What is the remainder when 948 is divided by 20?
8
What is the remainder when 330 is divided by 4?
2
Calculate the remainder when 144 is divided by 19.
11
What is the remainder when 404 is divided by 143?
118
What is the remainder when 214 is divided by 10?
4
Calculate the remainder when 599 is divided by 15.
14
Calculate the remainder when 2968 is divided by 332.
312
Calculate the remainder when 5436 is divided by 40.
36
What is the remainder when 2211 is divided by 123?
120
What is the remainder when 70224 is divided by 153?
150
Calculate the remainder when 132 is divided by 47.
38
What is the remainder when 4028 is divided by 155?
153
What is the remainder when 53 is divided by 18?
17
Calculate the remainder when 1208 is divided by 11.
9
Calculate the remainder when 298 is divided by 10.
8
Calculate the remainder when 817 is divided by 41.
38
Calculate the remainder when 197 is divided by 45.
17
Calculate the remainder when 1363 is divided by 74.
31
What is the remainder when 315 is divided by 83?
66
What is the remainder when 329 is divided by 4?
1
Calculate the remainder when 2116 is divided by 71.
57
What is the remainder when 128 is divided by 65?
63
What is the remainder when 1516 is divided by 41?
40
What is the remainder when 278 is divided by 24?
14
What is the remainder when 539 is divided by 76?
7
Calculate the remainder when 189 is divided by 16.
13
Calculate the remainder when 46 is divided by 2.
0
Calculate the remainder when 215 is divided by 50.
15
Calculate the remainder when 1321 is divided by 27.
25
Calculate the remainder when 1161 is divided by 194.
191
Calculate the remainder when 385 is divided by 54.
7
Calculate the remainder when 4408 is divided by 276.
268
What is the remainder when 625 is divided by 115?
50
Calculate the remainder when 35 is divided by 29.
6
Calculate the remainder when 1012 is divided by 134.
74
Calculate the remainder when 143 is divided by 27.
8
What is the remainder when 198 is divided by 6?
0
What is the remainder when 195 is divided by 91?
13
What is the remainder when 620 is divided by 104?
100
What is the remainder when 585 is divided by 21?
18
Calculate the remainder when 671 is divided by 84.
83
What is the remainder when 122 is divided by 16?
10
Calculate the remainder when 1079 is divided by 286.
221
Calculate the remainder when 61 is divided by 27.
7
What is the remainder when 2000 is divided by 182?
180
What is the remainder when 797 is divided by 389?
19
Calculate the remainder when 926 is divided b